{"id":6207,"date":"2022-03-30T14:57:16","date_gmt":"2022-03-30T19:57:16","guid":{"rendered":"https:\/\/www.acerogar.com\/web\/?post_type=product&#038;p=6207"},"modified":"2022-03-30T15:02:20","modified_gmt":"2022-03-30T20:02:20","slug":"mart-rompedor-te-700-avr-120v","status":"publish","type":"product","link":"https:\/\/www.acerogar.com\/web\/producto\/mart-rompedor-te-700-avr-120v\/","title":{"rendered":"Mart. rompedor TE 700-AVR 120V"},"content":{"rendered":"<p>Potente martillo rompedor SDS Max (TE-Y) para tareas pesadas de cincelado de hormig\u00f3n y mamposter\u00eda, con sistema de reducci\u00f3n activa de la vibraci\u00f3n (AVR)<br \/>\nDirecci\u00f3n de trabajo: Muro<br \/>\nTipo de mandril: TE-Y (SDS Max)<br \/>\nPeso seg\u00fan procedimiento EPTA 01\/2003: 7.9 kg<\/p>\n","protected":false},"excerpt":{"rendered":"<p>Potente martillo rompedor SDS Max (TE-Y) para tareas pesadas de cincelado de hormig\u00f3n y mamposter\u00eda, con sistema de reducci\u00f3n activa de la vibraci\u00f3n (AVR)<br \/>\nDirecci\u00f3n de trabajo: Muro<br \/>\nTipo de mandril: TE-Y (SDS Max)<br \/>\nPeso seg\u00fan procedimiento EPTA 01\/2003: 7.9 kg<\/p>\n","protected":false},"featured_media":6208,"template":"","meta":[],"product_brand":[],"product_cat":[526],"product_tag":[],"class_list":{"0":"post-6207","1":"product","2":"type-product","3":"status-publish","4":"has-post-thumbnail","6":"product_cat-demoledores","8":"first","9":"instock","10":"shipping-taxable","11":"product-type-simple","12":"prodpage-style3"},"_links":{"self":[{"href":"https:\/\/www.acerogar.com\/web\/wp-json\/wp\/v2\/product\/6207","targetHints":{"allow":["GET"]}}],"collection":[{"href":"https:\/\/www.acerogar.com\/web\/wp-json\/wp\/v2\/product"}],"about":[{"href":"https:\/\/www.acerogar.com\/web\/wp-json\/wp\/v2\/types\/product"}],"wp:featuredmedia":[{"embeddable":true,"href":"https:\/\/www.acerogar.com\/web\/wp-json\/wp\/v2\/media\/6208"}],"wp:attachment":[{"href":"https:\/\/www.acerogar.com\/web\/wp-json\/wp\/v2\/media?parent=6207"}],"wp:term":[{"taxonomy":"product_brand","embeddable":true,"href":"https:\/\/www.acerogar.com\/web\/wp-json\/wp\/v2\/product_brand?post=6207"},{"taxonomy":"product_cat","embeddable":true,"href":"https:\/\/www.acerogar.com\/web\/wp-json\/wp\/v2\/product_cat?post=6207"},{"taxonomy":"product_tag","embeddable":true,"href":"https:\/\/www.acerogar.com\/web\/wp-json\/wp\/v2\/product_tag?post=6207"}],"curies":[{"name":"wp","href":"https:\/\/api.w.org\/{rel}","templated":true}]}}